{"id":2554,"date":"2025-12-02T15:32:05","date_gmt":"2025-12-02T15:32:05","guid":{"rendered":"https:\/\/edicoeshorus.pt\/?post_type=product&#038;p=2554"},"modified":"2025-12-24T02:10:26","modified_gmt":"2025-12-24T02:10:26","slug":"reset-final","status":"publish","type":"product","link":"https:\/\/edicoeshorus.pt\/?product=reset-final","title":{"rendered":"RESET FINAL"},"content":{"rendered":"<p>Reset Final<\/p>\n<p>O mundo n\u00e3o acabou. Foi apagado.<\/p>\n<p>&nbsp;<\/p>\n<p>Elena Draven acordou com mem\u00f3rias intactas \u2014 mem\u00f3rias que ningu\u00e9m deveria ter. Cada lembran\u00e7a \u00e9 uma pista. Cada pista, uma amea\u00e7a.<\/p>\n<p>&nbsp;<\/p>\n<p>Entre ru\u00ednas vermelhas, c\u00f3digos que pingam do c\u00e9u e sombras com vontade pr\u00f3pria, ela descobre que n\u00e3o \u00e9 apenas uma sobrevivente: \u00e9 um erro no Sistema.<\/p>\n<p>Uma vari\u00e1vel proibida.<\/p>\n<p>&nbsp;<\/p>\n<p>Perseguida por for\u00e7as que n\u00e3o s\u00e3o totalmente humanas, julgada, abusada e manipulada, Elena ter\u00e1 de escolher: aceitar o mundo que tentam reescrever\u2026 ou incendiar o c\u00f3digo e iniciar o \u00faltimo reset.<\/p>\n<p>&nbsp;<\/p>\n<p>Um thriller dist\u00f3pico intenso. O fim j\u00e1 aconteceu.<\/p>\n<p>Agora come\u00e7a o que vem depois.<\/p>\n<p>&nbsp;<\/p>\n<p>#LeituraDist\u00f3pica #LivroDeSuspense #Fic\u00e7\u00e3oParaAdultos<\/p>\n<p>#NovosAutores<\/p>\n<p>#BookstagramPT<\/p>\n<p>&nbsp;<\/p>\n","protected":false},"excerpt":{"rendered":"<p>Reset Final O mundo n\u00e3o acabou. Foi apagado. &nbsp; Elena Draven acordou com mem\u00f3rias intactas \u2014 mem\u00f3rias que ningu\u00e9m deveria ter. Cada lembran\u00e7a \u00e9 uma pista. Cada pista, uma amea\u00e7a. &nbsp; Entre ru\u00ednas vermelhas, c\u00f3digos que pingam do c\u00e9u e sombras com vontade pr\u00f3pria, ela descobre que n\u00e3o \u00e9 apenas uma sobrevivente: \u00e9 um erro [&hellip;]<\/p>\n","protected":false},"author":3,"featured_media":2556,"menu_order":0,"comment_status":"closed","ping_status":"closed","template":"","meta":{"om_disable_all_campaigns":false,"inline_featured_image":false,"_monsterinsights_skip_tracking":false,"_monsterinsights_sitenote_active":false,"_monsterinsights_sitenote_note":"","_monsterinsights_sitenote_category":0,"footnotes":""},"product_brand":[],"product_cat":[51],"product_tag":[57,54],"class_list":{"0":"post-2554","1":"product","2":"type-product","3":"status-publish","4":"has-post-thumbnail","6":"product_cat-ficcao","7":"product_tag-autores-portugueses","8":"product_tag-novidades","10":"first","11":"onbackorder","12":"purchasable","13":"product-type-simple"},"jetpack_sharing_enabled":true,"_links":{"self":[{"href":"https:\/\/edicoeshorus.pt\/index.php?rest_route=\/wp\/v2\/product\/2554","targetHints":{"allow":["GET"]}}],"collection":[{"href":"https:\/\/edicoeshorus.pt\/index.php?rest_route=\/wp\/v2\/product"}],"about":[{"href":"https:\/\/edicoeshorus.pt\/index.php?rest_route=\/wp\/v2\/types\/product"}],"author":[{"embeddable":true,"href":"https:\/\/edicoeshorus.pt\/index.php?rest_route=\/wp\/v2\/users\/3"}],"replies":[{"embeddable":true,"href":"https:\/\/edicoeshorus.pt\/index.php?rest_route=%2Fwp%2Fv2%2Fcomments&post=2554"}],"version-history":[{"count":0,"href":"https:\/\/edicoeshorus.pt\/index.php?rest_route=\/wp\/v2\/product\/2554\/revisions"}],"wp:featuredmedia":[{"embeddable":true,"href":"https:\/\/edicoeshorus.pt\/index.php?rest_route=\/wp\/v2\/media\/2556"}],"wp:attachment":[{"href":"https:\/\/edicoeshorus.pt\/index.php?rest_route=%2Fwp%2Fv2%2Fmedia&parent=2554"}],"wp:term":[{"taxonomy":"product_brand","embeddable":true,"href":"https:\/\/edicoeshorus.pt\/index.php?rest_route=%2Fwp%2Fv2%2Fproduct_brand&post=2554"},{"taxonomy":"product_cat","embeddable":true,"href":"https:\/\/edicoeshorus.pt\/index.php?rest_route=%2Fwp%2Fv2%2Fproduct_cat&post=2554"},{"taxonomy":"product_tag","embeddable":true,"href":"https:\/\/edicoeshorus.pt\/index.php?rest_route=%2Fwp%2Fv2%2Fproduct_tag&post=2554"}],"curies":[{"name":"wp","href":"https:\/\/api.w.org\/{rel}","templated":true}]}}