{"id":2584,"date":"2025-12-22T02:09:36","date_gmt":"2025-12-22T02:09:36","guid":{"rendered":"https:\/\/edicoeshorus.pt\/?post_type=product&#038;p=2584"},"modified":"2025-12-22T18:30:46","modified_gmt":"2025-12-22T18:30:46","slug":"wonderlust-de-ines-nabais","status":"publish","type":"product","link":"https:\/\/edicoeshorus.pt\/?product=wonderlust-de-ines-nabais","title":{"rendered":"Wonderlust de In\u00eas Nabais"},"content":{"rendered":"<table>\n<tbody>\n<tr>\n<td>ISBN:<\/td>\n<td class=\"font-medium\">9789898984944<\/td>\n<\/tr>\n<tr>\n<td>Editor:<\/td>\n<td class=\"font-medium\">Edi\u00e7\u00f5es H\u00f3rus<\/td>\n<\/tr>\n<tr>\n<td>Data de Lan\u00e7amento:<\/td>\n<td class=\"font-medium\">outubro de 2022<\/td>\n<\/tr>\n<tr>\n<td>Idioma:<\/td>\n<td class=\"font-medium\">Portugu\u00eas<\/td>\n<\/tr>\n<tr>\n<td>Dimens\u00f5es:<\/td>\n<td class=\"font-medium\">150 x 226 x 9 mm<\/td>\n<\/tr>\n<tr>\n<td>Encaderna\u00e7\u00e3o:<\/td>\n<td class=\"font-medium\">Capa mole<\/td>\n<\/tr>\n<tr>\n<td>P\u00e1ginas:<\/td>\n<td class=\"font-medium\">190<\/td>\n<\/tr>\n<tr>\n<td>Tipo de produto:<\/td>\n<td class=\"font-medium\">Livro<\/td>\n<\/tr>\n<tr>\n<td>Classifica\u00e7\u00e3o tem\u00e1tica:<\/td>\n<td><span class=\"font-medium\"><a class=\"text-black\" href=\"https:\/\/www.wook.pt\/arvoretematica\/livros-em-portugues\/8066x5839\/P\" target=\"_self\">Livros em Portugu\u00eas <\/a>&gt;<\/span><span class=\"font-medium\"><a class=\"text-black\" href=\"https:\/\/www.wook.pt\/arvoretematica\/livros-em-portugues-literatura\/8066x5839x18017\/P\" target=\"_self\">Literatura <\/a>&gt; <\/span><span class=\"font-medium\"><a class=\"text-black\" href=\"https:\/\/www.wook.pt\/arvoretematica\/livros-em-portugues-literatura-poesia\/8066x5839x18017x18258\/P\" target=\"_self\">Poesia <\/a><\/span><\/td>\n<\/tr>\n<tr>\n<td>EAN:<\/td>\n<td class=\"font-medium\">9789898984944<\/td>\n<\/tr>\n<\/tbody>\n<\/table>\n","protected":false},"excerpt":{"rendered":"<p>Com uma sensibilidade j\u00e1 conhecida ap\u00f3s os seus quatro livros de poesia e antologias anteriores, In\u00eas Nabais, agora sete anos desde o lan\u00e7amento do seu \u00faltimo livro, transporta-nos com o seu novo livro <i>Wonderlust<\/i> para a sua experi\u00eancia e vis\u00e3o de vida. A sua.<\/p>\n<p>Retrata Amor, Perda, Luto, Amizade, Depress\u00e3o, Ansiedade e Rela\u00e7\u00f5es T\u00f3xicas que ela tem lidado durante a maior parte da sua vida. Mas a sua sabedoria e a sua capacidade de traduzir em palavras delicadas e desvendar sentimentos das profundezas do seu ser &#8211; exibe uma For\u00e7a not\u00e1vel de destronar tudo o que estava destinado a destru\u00ed-la com cita\u00e7\u00f5es e poemas, que n\u00e3o s\u00e3o nada mais nada menos do que os seus mensageiros de Esperan\u00e7a.<\/p>\n","protected":false},"author":3,"featured_media":2585,"menu_order":0,"comment_status":"closed","ping_status":"closed","template":"","meta":{"om_disable_all_campaigns":false,"inline_featured_image":false,"_monsterinsights_skip_tracking":false,"_monsterinsights_sitenote_active":false,"_monsterinsights_sitenote_note":"","_monsterinsights_sitenote_category":0,"footnotes":""},"product_brand":[],"product_cat":[53],"product_tag":[57],"class_list":{"0":"post-2584","1":"product","2":"type-product","3":"status-publish","4":"has-post-thumbnail","6":"product_cat-poesia","7":"product_tag-autores-portugueses","9":"first","10":"instock","11":"taxable","12":"shipping-taxable","13":"purchasable","14":"product-type-simple"},"jetpack_sharing_enabled":true,"_links":{"self":[{"href":"https:\/\/edicoeshorus.pt\/index.php?rest_route=\/wp\/v2\/product\/2584","targetHints":{"allow":["GET"]}}],"collection":[{"href":"https:\/\/edicoeshorus.pt\/index.php?rest_route=\/wp\/v2\/product"}],"about":[{"href":"https:\/\/edicoeshorus.pt\/index.php?rest_route=\/wp\/v2\/types\/product"}],"author":[{"embeddable":true,"href":"https:\/\/edicoeshorus.pt\/index.php?rest_route=\/wp\/v2\/users\/3"}],"replies":[{"embeddable":true,"href":"https:\/\/edicoeshorus.pt\/index.php?rest_route=%2Fwp%2Fv2%2Fcomments&post=2584"}],"version-history":[{"count":0,"href":"https:\/\/edicoeshorus.pt\/index.php?rest_route=\/wp\/v2\/product\/2584\/revisions"}],"wp:featuredmedia":[{"embeddable":true,"href":"https:\/\/edicoeshorus.pt\/index.php?rest_route=\/wp\/v2\/media\/2585"}],"wp:attachment":[{"href":"https:\/\/edicoeshorus.pt\/index.php?rest_route=%2Fwp%2Fv2%2Fmedia&parent=2584"}],"wp:term":[{"taxonomy":"product_brand","embeddable":true,"href":"https:\/\/edicoeshorus.pt\/index.php?rest_route=%2Fwp%2Fv2%2Fproduct_brand&post=2584"},{"taxonomy":"product_cat","embeddable":true,"href":"https:\/\/edicoeshorus.pt\/index.php?rest_route=%2Fwp%2Fv2%2Fproduct_cat&post=2584"},{"taxonomy":"product_tag","embeddable":true,"href":"https:\/\/edicoeshorus.pt\/index.php?rest_route=%2Fwp%2Fv2%2Fproduct_tag&post=2584"}],"curies":[{"name":"wp","href":"https:\/\/api.w.org\/{rel}","templated":true}]}}